+ r + 1. Let k(h) = 5*h**3 + h**2 - 4*h - 1. Let c(p) = -6*b(p) - k(p). Calculate c(-5).
5
Let d(k) be the third derivative of -k**5/60 + k**4/4 + k**3/6 + 6*k**2. Suppose 2*r = -r + 21. Suppose -r*i + 11*i = 24. Calculate d(i).
1
Let h(z) = 6*z + 3. Let o(i) = i**2 - 2*i - 1. Let p be o(-1). Determine h(p).
15
Let p be (-19)/(-171)*(9 + 0). Let j(a) = -19*a**2 - a. What is j(p)?
-20
Let k(y) = 36*y**3 + 5*y**2 + 17*y - 2. Let f(v) = 13*v**3 + 2*v**2 + 6*v - 1. Let u(i) = -11*f(i) + 4*k(i). Give u(3).
18
Let x(i) be the second derivative of -i**5/60 + i**4/24 - 7*i**3/6 + 17*i**2/2 + 12*i. Let g(m) be the first derivative of x(m). Give g(0).
-7
Let r(v) = 216*v**2 - 5 + 18*v - 215*v**2 + 6 - 14. What is r(-18)?
-13
Let z(k) be the second derivative of k**5/20 - k**4/12 + 2*k**3/3 + 48*k. Calculate z(3).
30
Let x(n) = 2*n**2 + 9*n - 2. Let l be x(-5). Let j(q) = -l + 1 + 4*q + 0*q**2 - q**2 - 2. Suppose -y - 4*y + 20 = 0. Determine j(y).
-4
Let o(t) = -16*t**3 - 3*t**2 - 2*t - 5. Let m(s) = s**3 + s**2 + 2. Let x(z) = 2*m(z) + o(z). Give x(-1).
14
Let w(x) = x**2 + x - 4. Let o = 61 - 56. Suppose -o*v - 2*v = 0. Give w(v).
-4
Let u(g) = 2*g - 4. Let a(w) be the second derivative of -w**5/20 + w**4/12 + 3*w**2/2 - 20*w. Let b be a(0). What is u(b)?
2
Let y = 16 + -12. Suppose y*v - 3 = v. Let m(o) = v + 3*o - o**2 + 3*o**2 - 4 + 0*o - 2*o**3. What is m(2)?
-5
Let o(f) be the second derivative of -3*f**5/5 - f**4/12 - f**3/6 - f**2/2 - f. Let s be (-2)/3 - 36/108. What is o(s)?
11
Let b(d) = -2*d**3 + d**2 + 3*d - 3. Let r(f) = f + 8. Suppose -p + 4*z = 26, 4*p - 4*z = -19 - 25. Let w be r(p). Determine b(w).
-9
Let n(y) = y - 6. Suppose -5*i + 3*a = 196, -5*i + a - 192 = -0*i. Let l = i - -44. Determine n(l).
0
Let w(o) = -o**3 - o**2 + 3*o - 2. Let n(r) = r**3 - 7*r**2 + 5*r + 6. Let x be n(6). Let h = -3 - x. Calculate w(h).
7
Let r = -524 + 523. Let m(h) = 26*h**3. Give m(r).
-26
Let x = 5 - -17. Let z = 32 - x. Let c(w) = w**2 - 9*w - 13. What is c(z)?
-3
Let g(a) = -a**3 - a**2 - a + 11. Let h(x) = x**3 - 10*x**2 - 4*x + 40. Let t be h(10). What is g(t)?
11
Let o(z) = z - 4. Let i be ((-1)/2 - -1)*-36. Let g be 117/(-6)*(-4)/(-6). Let x = g - i. Determine o(x).
1
Suppose 4*o - 25 = k - 0*o, -3*o = -5*k - 74. Let f(a) = a - 1. Determine f(k).
-14
Let b(f) = -f**3 - 6*f**2 + 8*f + 3. Let d(r) = -r**3 - 6*r**2 + 8*r + 4. Let t(u) = -2*b(u) + 3*d(u). Let k(s) = s**2 - 5*s - 7. Let m be k(5). Determine t(m).
-1
Let g(a) = -a**2 - 7*a. Let y be g(-7). Let t be -14 + 12 + 3 + y. Let k(p) = p - 3 - t - 6 + 5. What is k(7)?
2
Let d(b) = b + 8. Let f(y) = 10*y + 15. Let l(z) = 3*d(z) - f(z). Calculate l(2).
-5
Let m(h) be the first derivative of h**3 - h**2 - 2*h - 112. Calculate m(2).
6
Let t = 12 - 1. Let q(i) = -526*i + t - 532*i + 1060*i. Give q(-8).
-5
Let n be -8 - (3 + -1)/2. Let i = n - -17. Let d be (-4)/i - 5/(-2). Let v(h) = 2*h**3 - 3*h**2 + h + 2. Determine v(d).
8
Let p(a) = -a - 14. Let x = -679 + 665. What is p(x)?
0
Let l = 1629 - 1634. Let v(x) = -3*x - 6. Determine v(l).
9
Suppose -4*h = 4*f + 4, 3*h - 2*f + 6 = -4*f. Let u(b) = b**2 + 9*b + 6. Let k(t) = -3*t**2 - 26*t - 17. Let r(l) = 3*k(l) + 8*u(l). Determine r(h).
5
Let h(z) = -z. Let g(c) = -10*c - 5*c + 5*c + 2. Let x(d) = -g(d) + 6*h(d). Let a be ((-18)/4)/(-9)*4. Give x(a).
6
Let a(u) = -30*u + 6. Let q(w) = -32*w + 7. Let f(s) = -6*a(s) + 5*q(s). Give f(-1).
-21
Suppose 3*a = 3*t + 21 - 0, -4*t + 3*a = 25. Let o(y) = y**3 - y**2 + y - 1. Let g(p) = 5*p**3 + 2*p**2 + 8*p - 5. Let c(i) = -g(i) + 4*o(i). Calculate c(t).
-15
Suppose -6*w + 2*w + 12 = 0. Suppose -w*u + u = -8. Let x(s) = -3 - u*s**2 + s**3 - 8*s + 10*s**2 - 6 + 4. Calculate x(-7).
2
Let j(z) = 8*z - 3. Suppose -278*r + 115 = -255*r. Calculate j(r).
37
Let s(m) = 17*m**3 + 12*m**2 - 8*m - 14. Let d(z) = -5*z**3 - 4*z**2 + 3*z + 5. Let u(k) = -7*d(k) - 2*s(k). Give u(-5).
-7
Let s(o) = 4*o**3 - 2*o**2 - 5*o + 5. Let v(h) = 5*h**3 - 2*h**2 - 6*h + 6. Let y(n) = 4*s(n) - 3*v(n). Determine y(3).
5
Let z(l) = 17*l + 2. Let o be z(20). Let g(b) = -o - b - 6*b + 341. What is g(-2)?
13
Let v(c) = 22*c + 12. Let t(p) = -3*p - 1. Let x(w) = -6*t(w) - v(w). Let a(n) = 3 + n + 0 - 2. Let i(s) = -5*a(s) - x(s). Determine i(2).
-1
Let x(j) = 150*j**2 + 2 - 2*j + 143*j**2 + 0*j - 292*j**2. Calculate x(6).
26
Let n(u) = u**3 - 12*u**2 - 25*u - 33. Let f be n(14). Let y(a) = -a**2 + 12*a - 3. Give y(f).
24
Let u(m) = -3*m - 20. Let t be 130/(-12) + (-32)/192. Calculate u(t).
13
Let h(a) = 9 + 13 - 3 - a + a**3. Suppose -q = 7*q + 22*q. Calculate h(q).
19
Let y(q) = q**2 - 21*q - 18. Let r(v) = -2*v - 2. Let w(t) = -4*r(t) + y(t). Give w(15).
20
Let j(m) = -m**2 + 5*m + 6. Let n(d) = -d + 14. Let p be n(12). Suppose p*r = 10 - 0. Let a be j(r). Let q(v) = v**2 - 7*v + 4. Determine q(a).
-2
Let r = -1713 + 1703. Let v(l) = -l**3 - 11*l**2 - 12*l - 24. Calculate v(r).
-4
Suppose w + 5*b = -4, 1 = 5*w + 2*b - 2. Let x(f) be the third derivative of 0*f**3 + 2*f**2 - 1/60*f**6 + 0*f + 1/24*f**4 + 0 + 0*f**5. What is x(w)?
-1
Suppose -17 = -f - 3*v, 3*f + f + 5*v - 33 = 0. Suppose f*o - 2 = -0. Let t(z) = -7*z + o + 3*z**2 - 2*z + z - 4*z**2. What is t(-6)?
13
Let t be -1 - ((-6)/3 + -1). Suppose t*k = -4*j + 3*j - 1, -4 = 4*k. Suppose 0 = -3*n + 2*n - j. Let v(g) = 5*g**2 - g. Calculate v(n).
6
Let g(j) be the second derivative of -j**3/3 - 2*j**2 - 2*j. Let y be (-1 - (5 - 3)) + -2 + -3. What is g(y)?
12
Let l(d) = -19*d**2 + 7*d - 1. Let v(a) = -7*a**2 + 2*a. Let g(k) = 4*l(k) - 11*v(k). What is g(-8)?
12
Let q be 0 - (1 - 3 - 3). Suppose -q*p - 1 = 19. Let c(s) = -s - 5. Give c(p).
-1
Suppose 0 = 4*q - 8, -5*q = x - 3*x + 218. Let p(d) = -225*d + 3*d**3 + x*d - d**3 + 113*d - 4*d**2. Give p(2).
4
Let s(j) = -46*j + 13 + 96*j - 45*j. Let g(k) = -3*k - 6. Let a(c) = -5*g(c) - 2*s(c). What is a(-4)?
-16
Let m be (-1 + -2)*117/(-27). Let b(i) = -i**3 + 11*i**2 + 25*i + 11. What is b(m)?
-2
Suppose -5*n - 16*n = 0. Let y(k) be the second derivative of -1/4*k**4 + 0*k**2 + 0*k**3 + n - k. Calculate y(1).
-3
Let b(s) be the first derivative of -s**3/6 + 3*s**2/2 - 10*s - 23. Let y(o) be the first derivative of b(o). Calculate y(5).
-2
Let o = -146 - -153. Let m(v) = -2 + 6 + 6 - v - 4. Determine m(o).
-1
Let v(r) be the third derivative of -r**6/120 - r**5/60 + r**4/24 + r**3/3 - 28*r**2. Calculate v(2).
-8
Let m(c) = c + 3*c**2 - 7 + 2*c**3 - 9*c**2 + 5*c - 3*c**3. Let u be (0 + 1)*(-17 - (-110)/11). What is m(u)?
0
Let j(d) = -d**3 + 6*d**2 - 2*d + 7. Suppose -4*f - 6 = -2*f. Let o be (-53)/f + 1/3. Suppose 3*w + o = 6*w. What is j(w)?
-5
Let y(d) = -7*d**3 - 5*d**2 + 11*d - 4. Let l(n) = -3*n**3 - 2*n**2 + 5*n - 2. Let p(m) = -5*l(m) + 2*y(m). Give p(3).
20
Let g(b) be the second derivative of -b**4/12 + b**3 - 2*b**2 + 26*b + 1. Calculate g(7).
-11
Let i = 6 - 2. Let a = i + -6. Let o(c) be the second derivative of c**4/12 - c**3/6 - c**2/2 - 30*c. Give o(a).
5
Let f be 4*((-4)/9)/((-52)/234). Let v(j) = -j**2 + 10*j + 12. Calculate v(f).
28
Let g(n) = 8*n**3 + 2*n + 1. Let d = -1274 - -1273. Give g(d).
-9
Suppose 0 = -16*y + 10*y + 12. Let c(r) be the first derivative of 6*r - 2 + 1/3*r**3 + 3*r**y. What is c(-4)?
-2
Let j(z) = z**2 - 163 + 498 - 167 + 4*z - 167. What is j(-6)?
13
Let c(s) = s**3 - 7*s**2 + 6*s + 6. Let y be (-55)/(-44) - (-3)/4. Suppose -y*g - u + 15 = 0, 5*u - 27 = -0*g - 2*g. What is c(g)?
6
Suppose a = 6*a - 5. Let z(f) be the third derivative of 13*f**4/24 + 23*f**2. Determine z(a).
13
Suppose -6*b - b - 21 = 0. Let i(c) = 19*c + 4. Let z(o) = -10*o - 2. Let j(v) = 6*i(v) + 11*z(v). What is j(b)?
-10
Let u(r) = r**3 - 16*r**2 + 2*r - 24. Let t be u(16). Let z(j) = -j**2 + 9*j + 3. Calculate z(t).
11
Let w be 1/10*-4 + 644/10. Let x(y) = 132*y - w*y - 67*y - 6. Determine x(7).
1
Let r(l) = l**3 - 12*l**2 + 6. Let v be 35/14 + -2 - 15/(-2). Let m(u) = 2*u - 4. Let s be m(v). Determine r(s).
6
Let r(i) be the first derivative of -3*i**2/2 + 24*i + 391. Determine r(11).
-9
Let j be -6 + 4/(-2)*(-14 + 13). Let i(x) = -1 - 7*x - 4 + 4*x. Calculate i(j).
7
Let w(a) = -4*a - 2. Suppose -4*v + 5*v = -1. Let q be (-2 - -3) + 1 + v. Let b = q - 5. Determine w(b).
14
Let k = -1737 + 1743. Let i(v) = v**3 - 7*v**2 + v 